{"id":51,"date":"2018-03-31T14:40:37","date_gmt":"2018-03-31T12:40:37","guid":{"rendered":"http:\/\/wordpress.baumpflege-loest.de\/?page_id=51"},"modified":"2021-01-05T11:47:38","modified_gmt":"2021-01-05T10:47:38","slug":"team","status":"publish","type":"page","link":"https:\/\/baumpflege-loest.de\/?page_id=51","title":{"rendered":"Team"},"content":{"rendered":"<p>Ich, Jannik Loest, habe vor meinem Studium der Forstwissenschaft in verschiedenen Handwerksberufen gejobbt. Das Basteln und Schrauben hat mich schon immer fasziniert. Technische L\u00f6sungen bed\u00fcrfen Kreativit\u00e4t und Vorstellungskraft. Es l\u00e4sst mich immer wieder staunen, wie sich die Dinge ineinanderf\u00fcgen, wenn im Vorfeld schon ein geistiger Entwicklungsprozess stattgefunden hat. Aber auch das spontane Reagieren auf Ver\u00e4nderungen im Prozess ist mir wichtig. Oftmals ergeben sich sehr \u201efruchtbare\u201c L\u00f6sungen in der spontanen \u00c4nderung.<\/p>\n<p>Bei der Teamarbeit ist die Gleichberechtigung sehr wichtig und bei gef\u00e4hrlichen Arbeiten auch essentiell. Die unterschiedlichen Perspektiven die jeder Arbeiter auf das Geschehen hat, gilt es zu nutzen. Ein gutes Arbeitsklima ist die Grundvorraussetzung f\u00fcr eine ungest\u00f6rte Kommunikation.<\/p>\n<p>F\u00fcr mich ist die Baumpflege eine Kombination aus Akrobatik, Auseinandersetzung mit dem lebenden Organismus und den Bed\u00fcrfnissen des Menschen. Ich bin der Auffassung, dass die positive Wirkung von B\u00e4umen auf uns immer wieder in den Vordergrund ger\u00fcckt werden muss. B\u00e4ume k\u00f6nnen selbst keinen Einspruch einlegen und oftmals wird der Wert erst erkannt, wenn sie schon weg sind.<\/p>\n<p>Bei Kletterjobs arbeite ich stets mit einem kleinen Kreis von gut ausgebildeten Kollegen zusammen. Durch das Vertrauen zueinander, entstehen keine Kommunikationsengp\u00e4sse und die Arbeit kann effektiv und sicher erledigt werden. Auch die Erste-Hilfe-Weiterbildungskurse besuchen wir alle zwei Jahre zusammen um vorbereitet zu sein.<\/p>\n<p>Bei F\u00e4llungen unterst\u00fctzt mich auch mein Bruder mit seinem Forstschlepper. In der Baumpflege arbeitet er als verl\u00e4sslicher Bodenmann.<\/p>\n<p><img loading=\"lazy\" class=\"alignnone size-medium wp-image-246\" src=\"https:\/\/baumpflege-loest.de\/wp-content\/uploads\/2021\/01\/Bilder-Sony-543-300x169.jpg\" alt=\"\" width=\"300\" height=\"169\" srcset=\"https:\/\/baumpflege-loest.de\/wp-content\/uploads\/2021\/01\/Bilder-Sony-543-300x169.jpg 300w, https:\/\/baumpflege-loest.de\/wp-content\/uploads\/2021\/01\/Bilder-Sony-543-1024x576.jpg 1024w, https:\/\/baumpflege-loest.de\/wp-content\/uploads\/2021\/01\/Bilder-Sony-543-768x432.jpg 768w, https:\/\/baumpflege-loest.de\/wp-content\/uploads\/2021\/01\/Bilder-Sony-543-1536x864.jpg 1536w, https:\/\/baumpflege-loest.de\/wp-content\/uploads\/2021\/01\/Bilder-Sony-543.jpg 1600w\" sizes=\"(max-width: 300px) 100vw, 300px\" \/> <img loading=\"lazy\" class=\"alignnone size-medium wp-image-247\" src=\"https:\/\/baumpflege-loest.de\/wp-content\/uploads\/2021\/01\/Bilder-Sony-554-300x169.jpg\" alt=\"\" width=\"300\" height=\"169\" srcset=\"https:\/\/baumpflege-loest.de\/wp-content\/uploads\/2021\/01\/Bilder-Sony-554-300x169.jpg 300w, https:\/\/baumpflege-loest.de\/wp-content\/uploads\/2021\/01\/Bilder-Sony-554-1024x576.jpg 1024w, https:\/\/baumpflege-loest.de\/wp-content\/uploads\/2021\/01\/Bilder-Sony-554-768x432.jpg 768w, https:\/\/baumpflege-loest.de\/wp-content\/uploads\/2021\/01\/Bilder-Sony-554-1536x864.jpg 1536w, https:\/\/baumpflege-loest.de\/wp-content\/uploads\/2021\/01\/Bilder-Sony-554.jpg 1600w\" sizes=\"(max-width: 300px) 100vw, 300px\" \/> <img loading=\"lazy\" class=\"alignnone size-medium wp-image-248\" src=\"https:\/\/baumpflege-loest.de\/wp-content\/uploads\/2021\/01\/Bilder-Sony-620-300x225.jpg\" alt=\"\" width=\"300\" height=\"225\" srcset=\"https:\/\/baumpflege-loest.de\/wp-content\/uploads\/2021\/01\/Bilder-Sony-620-300x225.jpg 300w, https:\/\/baumpflege-loest.de\/wp-content\/uploads\/2021\/01\/Bilder-Sony-620-1024x768.jpg 1024w, https:\/\/baumpflege-loest.de\/wp-content\/uploads\/2021\/01\/Bilder-Sony-620-768x576.jpg 768w, https:\/\/baumpflege-loest.de\/wp-content\/uploads\/2021\/01\/Bilder-Sony-620-1536x1152.jpg 1536w, https:\/\/baumpflege-loest.de\/wp-content\/uploads\/2021\/01\/Bilder-Sony-620-480x360.jpg 480w, https:\/\/baumpflege-loest.de\/wp-content\/uploads\/2021\/01\/Bilder-Sony-620.jpg 1600w\" sizes=\"(max-width: 300px) 100vw, 300px\" \/> <img loading=\"lazy\" class=\"alignnone size-medium wp-image-249\" src=\"https:\/\/baumpflege-loest.de\/wp-content\/uploads\/2021\/01\/Bilder-Sony-1270-225x300.jpg\" alt=\"\" width=\"225\" height=\"300\" srcset=\"https:\/\/baumpflege-loest.de\/wp-content\/uploads\/2021\/01\/Bilder-Sony-1270-225x300.jpg 225w, https:\/\/baumpflege-loest.de\/wp-content\/uploads\/2021\/01\/Bilder-Sony-1270-768x1024.jpg 768w, https:\/\/baumpflege-loest.de\/wp-content\/uploads\/2021\/01\/Bilder-Sony-1270-1152x1536.jpg 1152w, https:\/\/baumpflege-loest.de\/wp-content\/uploads\/2021\/01\/Bilder-Sony-1270.jpg 1200w\" sizes=\"(max-width: 225px) 100vw, 225px\" \/> <img loading=\"lazy\" class=\"alignnone size-medium wp-image-250\" src=\"https:\/\/baumpflege-loest.de\/wp-content\/uploads\/2021\/01\/Team-169x300.jpg\" alt=\"\" width=\"169\" height=\"300\" srcset=\"https:\/\/baumpflege-loest.de\/wp-content\/uploads\/2021\/01\/Team-169x300.jpg 169w, https:\/\/baumpflege-loest.de\/wp-content\/uploads\/2021\/01\/Team-576x1024.jpg 576w, https:\/\/baumpflege-loest.de\/wp-content\/uploads\/2021\/01\/Team.jpg 648w\" sizes=\"(max-width: 169px) 100vw, 169px\" \/><\/p>\n","protected":false},"excerpt":{"rendered":"<p>Ich, Jannik Loest, habe vor meinem Studium der Forstwissenschaft in verschiedenen Handwerksberufen gejobbt. Das Basteln und Schrauben hat mich schon immer fasziniert. Technische L\u00f6sungen bed\u00fcrfen Kreativit\u00e4t und Vorstellungskraft. Es l\u00e4sst<a href=\"https:\/\/baumpflege-loest.de\/?page_id=51\" class=\"more-link\">Read More <span class=\"screen-reader-text\">Team<\/span><\/a><\/p>\n","protected":false},"author":1,"featured_media":0,"parent":0,"menu_order":0,"comment_status":"closed","ping_status":"closed","template":"","meta":[],"_links":{"self":[{"href":"https:\/\/baumpflege-loest.de\/index.php?rest_route=\/wp\/v2\/pages\/51"}],"collection":[{"href":"https:\/\/baumpflege-loest.de\/index.php?rest_route=\/wp\/v2\/pages"}],"about":[{"href":"https:\/\/baumpflege-loest.de\/index.php?rest_route=\/wp\/v2\/types\/page"}],"author":[{"embeddable":true,"href":"https:\/\/baumpflege-loest.de\/index.php?rest_route=\/wp\/v2\/users\/1"}],"replies":[{"embeddable":true,"href":"https:\/\/baumpflege-loest.de\/index.php?rest_route=%2Fwp%2Fv2%2Fcomments&post=51"}],"version-history":[{"count":4,"href":"https:\/\/baumpflege-loest.de\/index.php?rest_route=\/wp\/v2\/pages\/51\/revisions"}],"predecessor-version":[{"id":251,"href":"https:\/\/baumpflege-loest.de\/index.php?rest_route=\/wp\/v2\/pages\/51\/revisions\/251"}],"wp:attachment":[{"href":"https:\/\/baumpflege-loest.de\/index.php?rest_route=%2Fwp%2Fv2%2Fmedia&parent=51"}],"curies":[{"name":"wp","href":"https:\/\/api.w.org\/{rel}","templated":true}]}}